- 762 = -3*v, -1009 = -9*v + 5*v - y. Is v a prime number?
False
Let u = 603 + 4966. Is u a composite number?
False
Let d(t) = -11*t + 1 + 181*t**2 - 4*t + 11*t. Is d(1) a composite number?
True
Suppose 2149 + 8326 = 5*f. Is f composite?
True
Suppose 11479 = -4*y + 5*t, t = 3*y + 2*t + 8614. Let u = y + 5824. Is u composite?
False
Suppose -63*p + 43*p = -427540. Is p prime?
True
Let z be ((-843)/(-9) + -3)*-3. Let c be z/(-56) - 1/(-7). Suppose 0 = -c*b + 955. Is b a prime number?
True
Is (-42168)/(-28) + (7 - 0) composite?
True
Suppose -7 = 2*p - 23. Suppose -p = -4*j, -t + 0*t + 99 = -4*j. Is t + 0/1 + 2 composite?
False
Let t = 4792 + -1329. Is t a prime number?
True
Suppose w + 4 = c + 3, 2*w = 4*c + 6. Is (524 - -2)*(45/(-10) - w) prime?
True
Let r be (-19)/(-4) - 3/(-12). Suppose 0 = -3*z - 2*t + 302 + 491, 0 = -r*z - t + 1317. Is z a prime number?
True
Let t(u) = -u**2 + 7*u + 10. Let n be t(8). Suppose 0 = 3*m - x - x + 14, -5*m - n*x = 50. Let v = -6 - m. Is v a prime number?
True
Suppose w = -3*o - 13, -3*w + 9 = -o + 68. Let a = 13 + w. Let s(m) = -16*m - 5. Is s(a) composite?
True
Suppose g + 1 = -5*z + z, -3*g - 4*z = -5. Suppose -b - 5*d = b + 113, d = -g*b - 150. Let t = -30 - b. Is t prime?
True
Let a(r) be the first derivative of 399*r**2/2 + 2*r - 5. Let j be a(-8). Is (j/40)/(2/(-8)) prime?
False
Is 6/14 - (-23)/((-805)/(-220940)) prime?
False
Suppose 4*k + 0 = 32. Suppose -5*i - 6*r = -r, 0 = -2*r - k. Suppose p = 3*a - 630, -856 = -2*a - 2*a - i*p. Is a composite?
False
Suppose -2*v - 4484 = -4*d, -5595 = 2*d - 7*d + 5*v. Is d a composite number?
False
Let d(n) = n**3 - 17*n**2 - 20*n + 39. Let b be d(18). Suppose 6*u - 3*u - b*g = 9594, -5*g = -3*u + 9592. Is u prime?
False
Is ((-4)/(-8)*-1)/(5/(-133970)) prime?
True
Let f(s) = 11*s - 51. Let p be f(5). Suppose 2*k + d - 75 + 6 = 0, 0 = p*k - 3*d - 163. Is k prime?
True
Let l = 66 + -45. Suppose -v = 0, 2*p + 2*v = 5*p - l. Suppose 633 = -4*n + p*n. Is n a prime number?
True
Let n = -376 + 528. Suppose q - 145 = -3*c, -13 = -q + 2*c + n. Is q composite?
False
Let f = -1854 + 3125. Is f a composite number?
True
Let o = -277 - -409. Suppose -4*f - 2723 = -5*p - o, 5*f + 3211 = -3*p. Let z = f + 1033. Is z a prime number?
True
Suppose 57*t - 60*t = -1095. Is t prime?
False
Let u(d) = 453*d + 545. Is u(8) a composite number?
True
Let v(j) = 103*j - 144. Let z be v(6). Let b be -87*(2 + 17/(-3)). Let k = z - b. Is k composite?
True
Let u(f) = f**3 + 13*f**2 - 15*f - 17. Let v be u(-14). Let d = -1 - v. Suppose 2*k = k - d*z + 157, 0 = 5*k - 4*z - 729. Is k prime?
True
Suppose 0 = -8*r + 5*r. Suppose 30 = -3*i - r*i. Let x = i - -21. Is x a prime number?
True
Suppose 0 = 40*t - 61*t + 387009. Is t a prime number?
False
Let b(y) = -3*y**3 - 4*y**2 + 3*y - 7. Let r be b(-5). Is r/2 - (-9)/18 a prime number?
True
Let l = 19306 + -4191. Is l prime?
False
Suppose -5 = 3*i + 1. Let r(u) = -78*u + 5. Is r(i) a composite number?
True
Let a = 11 - 13. Let h be a/10 + 48/15. Suppose 17 = h*f + 4*l, f + 5*l - 2 = -0. Is f a composite number?
False
Let p(g) = 1 + 211*g - 37*g + 4 - 10. Is p(3) prime?
False
Let v(p) = p**3 + 8*p**2 - p - 4. Let l be v(-7). Let o = l - 32. Is o/(-6)*(-138)/4 prime?
False
Suppose 0 = 8*h - 83048 + 496. Is h a composite number?
True
Let p(q) be the first derivative of 2*q**3/3 + 2*q**2 - 15*q + 1. Suppose 2*l + 4*f = -46, -4*f + 101 = -5*l - 7*f. Is p(l) a prime number?
True
Let f be (-2853)/(-15) - 12/(-15). Suppose -3*h = -2*a - 551, 8*a - 5*a = -h + f. Is h a composite number?
True
Let s be 2713 - (-4)/(-4 + 3). Suppose -2*t - 680 = -i - 5*t, s = 4*i + t. Is i a prime number?
True
Suppose -h - 5*x = -4*h + 5, 1 = h - 2*x. Suppose 2*d = -3*o + 279, 0 = 2*o - h*d - 23 - 182. Is o composite?
True
Let o(b) = -b**3 + 6*b**2 + 6*b + 10. Let r(l) = -l**2 + 6*l - 1. Let a be r(4). Let y be o(a). Suppose 2*h - y*h + 381 = 0. Is h a prime number?
False
Let m = 84083 - 58692. Is m a prime number?
True
Let x = 409 - 204. Let i be 3*4/4 + x. Let a = -117 + i. Is a a composite number?
True
Suppose 5*v - 175 = n, 2*v - 70 = 8*n - 7*n. Is 21/v - 97664/(-10) a prime number?
True
Suppose 0 = -0*l - 5*l + 25. Suppose l*r - 8*r + 7287 = 0. Is r a composite number?
True
Let u(s) = 4*s**3 - 11*s**2 - 11*s - 16. Let k be u(9). Let i = k + -351. Is i a composite number?
False
Let h = 966 + -713. Is h a composite number?
True
Let u = -9 - -11. Let b be (2 - 85)*(1 - u). Let o = b + -46. Is o prime?
True
Let s be (0 - 0)*(7 - -3 - 9). Is (-5127)/3*(-1 - (0 - s)) a prime number?
True
Let n(t) = -6*t**3 - 30*t**2 + 16*t + 15. Is n(-25) a composite number?
True
Let c = -6 - -4. Suppose 12*q + 1190 = -2806. Is (q - c/1)*-1 composite?
False
Let j = 7 + -10. Let d(c) = -352*c + 13. Is d(j) a composite number?
False
Is 14990/2*(6 + (-203)/35) prime?
True
Suppose 3*v - h - 18 - 80 = 0, 190 = 5*v + 5*h. Suppose 4*z - 277 = 5*p - 56, -v = -z - 3*p. Is z a composite number?
True
Suppose -12 = -4*j + 2*j. Suppose -2*k - 2*k = -96. Is 7912/k - 4/j prime?
False
Let i(m) = -5*m**2 - 6*m + 454. Let y(k) = -2*k**2 - 2*k + 1. Let z(w) = i(w) - 3*y(w). Let l be 0 - -1 - (-2 - -3). Is z(l) prime?
False
Let s(z) = 8*z**3 - 4*z**2 - 11*z + 13. Is s(4) a composite number?
True
Suppose -d + 150148 = 3*d + i, -4*d = -4*i - 150148. Is d a composite number?
False
Suppose 44622 + 12173 = 37*l. Is l composite?
True
Let m(r) = -r + 12. Let b be m(15). Is b + 1110/((-1)/(4/(-6))) a prime number?
False
Let v be 2 + 6/(-2) + 1. Suppose v*a - 4477 = 5*a - 2*p, -a = -p + 896. Let f = a + 1308. Is f a prime number?
False
Let j(v) = 120*v + 109*v - 215*v + 75. Is j(23) a composite number?
False
Let a(o) = 2*o**2 - 3. Let h be a(9). Let t = h - 92. Is t a prime number?
True
Is (-346)/1903 - ((-82238)/11 - 1) a composite number?
False
Let g = 679 - 1632. Let v = g + 397. Let a = 1043 + v. Is a a prime number?
True
Suppose -5*t = -1762 - 1473. Is t prime?
True
Suppose 62562 = 7*t - t. Is t a prime number?
True
Is (2*(-12797)/2)/(52 + -53) prime?
False
Is (-2)/8 + (-105372)/(-48) - -4 composite?
True
Let b be 8 + -8 + (140 - 0). Suppose q + b = 447. Is q composite?
False
Let y be (6 + -2)/(-1) + 222. Suppose -5*z + 3*j + 1050 = 0, j - y = -3*z + 2*z. Is z a composite number?
True
Suppose -55*u + 54*u + 125708 = 5*t, 0 = -3*t + 3*u + 75414. Is t a prime number?
False
Let n(a) = 2*a**2 + 4*a + 5. Let r be n(-2). Suppose -3*s + 662 = -s - 4*v, 2*s - 662 = r*v. Is s prime?
True
Let m(y) = -3 - 5*y**2 + 2 - 47*y**3 + 3*y**2 + 4. Is m(-2) composite?
True
Let l(n) = -9*n - 7. Let k be (2 - 3/4)*-4. Let c be l(k). Suppose 4*a - 3*f = 530, -a = -f - 95 - c. Is a a prime number?
True
Suppose -2*p - p + 15 = 0. Let m = 64 + p. Is m prime?
False
Suppose 0 = -48*w + 51*w - 9. Is w/(4*3/6540) - -4 a composite number?
True
Let w(p) = -5 + 40*p**2 + 4*p - 5 - 1 + 2. Let m be w(-6). Let v = m + -890. Is v prime?
False
Suppose j + 6 = -g, 3*g = -0*j + 2*j - 18. Let l(z) = -z**3 - 5*z**2 - 8*z - 5. Is l(g) a composite number?
False
Is ((-2)/1)/(11/(-22)) + 23433 composite?
True
Suppose 0 = 139*r - 129*r - 9430. Is r prime?
False
Let v be (4/(-6))/((-4)/42). Let a(c) = -4*c**3 + 9*c**2 - 2*c + 8. Let l(x) = -17*x**3 + 36*x**2 - 9*x + 33. Let i(d) = -9*a(d) + 2*l(d). Is i(v) composite?
False
Suppose -14633 = 5*j + 13512. Let w = -1428 - j. Is w composite?
False
Suppose 5*p + 21643 = 10*p + 2*y, 8666 = 2*p + 3*y. Is p a prime number?
True
Suppose -t - 4 = -3*t. Suppose 4*b - 4290 = -t*x, -x + 2141 = -b + 4*b. Is x a prime number?
True
Suppose -22*d - 7880 = -30*d. Is d a composite number?
True
Let c = 8602 + -3093. Is c a prime number?
False
Suppose -5*q + 4 = -a - 2, 4 = 4*q. Is 0/3 + -1 + (271 - a) prime?
True
Suppose -3*i = -7*i. Suppose 3*m - 1497 = -g + 188, i = g + 1. Suppose -4*t + 2*z + 450 = 0, t + 3*z = 6*t - m. Is t composite?
False
Suppose -8*h + 13638 = -5026. Is h composite?
False
Suppose 2*q - 743 + 71 = 0. Let p be (18/(-8))/((-18)/q). Suppose -37 = -v + p. Is v a composite number?
False
Let i(k) = -156*k + 3. Let s(c) = -1 + 3 - c - 11*c - 66*c. Let g(q) = -3*i(q) + 5*s(q). Is g(1) a prime number?
True
Let t = -818 - -1411. Suppose -t + 2043 = 10*o. Is o a prime number?
False
Let p = -26 + 30. Suppose 5*t = -p*d + 1235, -3